 what is -6 - -69?
63
In base 9, what is 2 + 608?
611
In base 5, what is -3 - 2423?
-2431
In base 2, what is -100101101 + -110000?
-101011101
In base 2, what is 1 - -1101011000100?
1101011000101
In base 4, what is 32 - -111?
203
In base 7, what is -4 + 14106?
14102
In base 2, what is 11 + 10011?
10110
In base 2, what is 100 - -110100010010?
110100010110
In base 13, what is 522 - 2?
520
In base 16, what is -b0 - 1?
-b1
In base 2, what is 110000100110 + -100?
110000100010
In base 5, what is -1 + -310?
-311
In base 15, what is -2d6 + 0?
-2d6
In base 12, what is 21b + 1?
220
In base 10, what is 13 + 198?
211
In base 12, what is 1552 + -1?
1551
In base 16, what is b + -11?
-6
In base 13, what is 1 + 2a?
2b
In base 7, what is 4516 - 1?
4515
In base 14, what is 1b + -13?
8
In base 16, what is -15a9 - 1?
-15aa
In base 12, what is -24 + -8?
-30
In base 14, what is -3 - 26c?
-271
In base 16, what is -19d + -3?
-1a0
In base 2, what is -1100000 + -10?
-1100010
In base 3, what is -1002010 + -1?
-1002011
In base 13, what is 1b - 26?
-8
In base 8, what is -13 - 1251?
-1264
In base 3, what is 2121221 - 1?
2121220
In base 7, what is 21 - 143?
-122
In base 9, what is 34 - -47?
82
In base 2, what is -1100110 + -111?
-1101101
In base 15, what is 2 - -407?
409
In base 2, what is 101 + 1000000111?
1000001100
In base 8, what is -1164 - 5?
-1171
In base 2, what is 100110101 - -110111?
101101100
In base 9, what is 3 - 111?
-107
In base 7, what is 26 - 14?
12
In base 11, what is -1451 + -6?
-1457
In base 8, what is -755 + -6?
-763
In base 9, what is 7 + 10?
17
In base 13, what is -2b + -9?
-37
In base 16, what is -11c + 5?
-117
In base 3, what is 121221 - -12?
122010
In base 3, what is 2 - -1201020?
1201022
In base 6, what is 23204 + -4?
23200
In base 16, what is 26 + 1?
27
In base 8, what is 72 + 1?
73
In base 4, what is 10 + -100231?
-100221
In base 4, what is -112 + -1023?
-1201
In base 13, what is 88 + 96?
151
In base 3, what is -12 + 21211?
21122
In base 4, what is -3202 + 21?
-3121
In base 13, what is 1 - a?
-9
In base 4, what is -23 + -133?
-222
In base 9, what is -5 - 1583?
-1588
In base 6, what is 3 - 4144?
-4141
In base 9, what is -16132 - 2?
-16134
In base 2, what is -110011 - 10?
-110101
In base 13, what is -2c - -8?
-24
In base 12, what is a8 + 5?
b1
In base 11, what is -347 + -13?
-35a
In base 6, what is 2 + 4310?
4312
In base 11, what is 287 + 0?
287
In base 9, what is -70 - -3?
-66
In base 10, what is 3 - 29?
-26
In base 14, what is 173c - -2?
1740
In base 10, what is -3 - -1031?
1028
In base 10, what is -22 + 8?
-14
In base 2, what is -1 - -11100011?
11100010
In base 6, what is -1240 - -4?
-1232
In base 4, what is 101 + 1021?
1122
In base 2, what is -110 + 110110101?
110101111
In base 15, what is 8 - -13?
1b
In base 9, what is -1 + 801?
800
In base 16, what is 286 + 0?
286
In base 15, what is 9e7 - -1?
9e8
In base 7, what is 144 - -5?
152
In base 14, what is -29 - 3c?
-67
In base 4, what is 211100 + -11?
211023
In base 16, what is 1 + -142?
-141
In base 14, what is -2 + 174?
172
In base 16, what is -b - -5b?
50
In base 7, what is -5 - 1?
-6
In base 8, what is 64 + -1?
63
In base 12, what is 2 - 13?
-11
In base 9, what is -5 - -2535?
2530
In base 7, what is -5 + -513?
-521
In base 4, what is 0 + 2220?
2220
In base 11, what is 2 + -111a?
-1118
In base 6, what is -112 - -113?
1
In base 8, what is 4 - 245?
-241
In base 8, what is 4 + -3721?
-3715
In base 14, what is 162 - 5?
15b
In base 4, what is 1223 - -110?
1333
In base 4, what is 3 + -21223?
-21220
In base 3, what is 1021 - 10222?
-2201
In base 13, what is 4a - 2?
48
In base 5, what is 10 - -10?
20
In base 14, what is 3 - 312?
-30d
In base 14, what is 1 - b?
-a
In base 12, what is 2 - -1870?
1872
In base 2, what is 111011 - -100010100?
101001111
In base 4, what is -11 + -1300?
-1311
In base 10, what is -22 - 3?
-25
In base 13, what is a4 - -4?
a8
In base 2, what is 1100 - 11?
1001
In base 3, what is -2120110 - -2?
-2120101
In base 14, what is -34 - 2?
-36
In base 4, what is -130 - 2002?
-2132
In base 10, what is -7 - 136?
-143
In base 3, what is -1000 + -10?
-1010
In base 11, what is 232 - -3?
235
In base 5, what is 0 - -43?
43
In base 8, what is 3 + -46?
-43
In base 14, what is -16 + 1?
-15
In base 10, what is -12 + 16?
4
In base 4, what is 12 - 203?
-131
In base 8, what is 16 - 64?
-46
In base 12, what is 2 - 12?
-10
In base 6, what is -2 - -23224?
23222
In base 8, what is -40 - 206?
-246
In base 4, what is 0 + -200030?
-200030
In base 7, what is 5362 - -15?
5410
In base 2, what is -1011 - 101011001?
-101100100
In base 11, what is -4a8 + -10?
-508
In base 7, what is -2426 + -5?
-2434
In base 11, what is 12a - -29?
158
In base 6, what is 1103 - -2?
1105
In base 10, what is 2 - 88?
-86
In base 5, what is 2 - -41?
43
In base 4, what is 3 + 13322?
13331
In base 8, what is -3 + 624?
621
In base 12, what is 4 - 6?
-2
In base 9, what is 1112 - 2?
1110
In base 6, what is 14 - 4?
10
In base 12, what is 0 - 5a8?
-5a8
In base 11, what is 3039 - -3?
3041
In base 2, what is -11 - -100011001?
100010110
In base 3, what is -11 - -120?
102
In base 2, what is -100 + 111001101?
111001001
In base 3, what is 10202111 - -102?
10202220
In base 3, what is -2012 + 2?
-2010
In base 16, what is 2a + -4?
26
In base 4, what is 131301 + -11?
131230
In base 4, what is 3 - -122?
131
In base 6, what is -12500 + -4?
-12504
In base 16, what is 5 + 3c6?
3cb
In base 9, what is -7 + 48?
41
In base 15, what is 2 - -17a?
17c
In base 11, what is 4 + 700?
704
In base 13, what is -a5 + 2a?
-78
In base 7, what is 21 + -26?
-5
In base 4, what is -2202 + 2?
-2200
In base 3, what is -2210022 + -11?
-2210110
In base 12, what is -5 - -899?
894
In base 13, what is 2 - -17a5?
17a7
In base 7, what is 6 + 3?
12
In base 6, what is -1023 - 2?
-1025
In base 6, what is 1122 - 3?
1115
In base 3, what is -10 + 11001020?
11001010
In base 13, what is 33 + -4?
2c
In base 6, what is 1035 + 125?
1204
In base 2, what is -1010001 + 1000100?
-1101
In base 5, what is -1311 - -10?
-1301
In base 16, what is 41 + 1?
42
In base 7, what is 43 + -16?
24
In base 12, what is -2 - -379?
377
In base 6, what is -14 - 215?
-233
In base 12, what is 65 - 4?
61
In base 14, what is -b - c4?
-d1
In base 15, what is 9 - 6?
3
In base 12, what is -4 - -1183?
117b
In base 10, what is -2 - -21?
19
In base 3, what is -10202 - -2102?
-1100
In base 13, what is -3 + -16?
-19
In base 4, what is -2 + 102?
100
In base 6, what is -5 - 114?
-123
In base 6, what is -4 + 2033?
2025
In base 9, what is -3 + 55?
52
In base 5, what is -10 + 100?
40
In base 6, what is -1 - 5204?
-5205
In base 8, what is -264 - -1?
-263
In base 7, what is 1 - 13424?
-13423
In base 4, what is -11 + 322?
311
In base 15, what is -43 + 5?
-3d
In base 4, what is 2021 + 3?
2030
In base 5, what is 10 + -3032?
-3022
In base 14, what is 1c - -4a?
68
In base 7, what is 21 - 10?
11
In base 15, what is -d9 - 4?
-dd
In base 10, what is 127 - 9?
118
In base 14, what is 2 - -115?
117
In base 11, what is 1 - 42?
-41
In base 2, what is 100 - 11111010?
-11110110
In base 8, what is -3 - -1630?
1625
In base 8, what is -4 + -1017?
-1023
In base 6, what is -1300 + -3?
-1303
In base 13, what is -21c95 + -5?
-21c9a
In base 13, what is 82 + -5?
7a
In base 3, what is 0 - 1221?
-1221
In base 16, what is -2 - 30?
-32
In base 8, what is -25 - -4?
-21
In base 16, what is 6 + 129?
12f
In base 5, what is 13 - -22302?
22320
In base 4, what is -3 - -33?
30
In base 2, what is 11001 - 101111011?
-101100010
In base 15, what is -16 + -9?
-20
In base 13, what is -4 - 50b?
-512
In base 15, what is -104 - -1?
-103
In base 13, what is -4 + 446?
442
In base 12, what is -4 + 63?
5b
In base 11, what is 2333 + -1?
2332
In base 7, what is 40 - 5?
32
In base 13, what is 49c + 2?
4a1
In base 8, what is -4062 - -5?
-4055
In base 15, what is -2b2 - 5?
-2b7
In base 12, what is -99 + -4?
-a1
In base 11, what is -4429 - 2?
-4430
In base 9, what is -521 - 5?
-526
In base 13, what is -8 - 752?
-75a
In base 4, what is 3 + -3220?
-3211
In base 11, what is 3 - -47?
4a
In base 3, what is 22 + 1211?
2010
In base 5, what is -3442 - -3?
-3434
In base 7, what is -3 - -21?
15
In base 12, what is -1 - -455?
454
In base 11, what is -9691 + -5?
-9696
In base 9, what is -4 + 2413?
240